nder when 372 is divided by 70.
22
What is the remainder when 112 is divided by 54?
4
Calculate the remainder when 2574 is divided by 46.
44
What is the remainder when 6877 is divided by 32?
29
What is the remainder when 305 is divided by 35?
25
What is the remainder when 36 is divided by 27?
9
What is the remainder when 620 is divided by 24?
20
What is the remainder when 27 is divided by 9?
0
What is the remainder when 224 is divided by 69?
17
What is the remainder when 1004 is divided by 28?
24
Calculate the remainder when 134 is divided by 34.
32
Calculate the remainder when 163 is divided by 50.
13
Calculate the remainder when 797 is divided by 14.
13
What is the remainder when 404 is divided by 382?
22
Calculate the remainder when 2179 is divided by 56.
51
Calculate the remainder when 11 is divided by 8.
3
Calculate the remainder when 79 is divided by 41.
38
Calculate the remainder when 430 is divided by 5.
0
What is the remainder when 225 is divided by 29?
22
What is the remainder when 125 is divided by 22?
15
What is the remainder when 215 is divided by 31?
29
Calculate the remainder when 1857 is divided by 922.
13
What is the remainder when 214 is divided by 12?
10
Calculate the remainder when 35 is divided by 6.
5
Calculate the remainder when 343 is divided by 334.
9
Calculate the remainder when 117 is divided by 20.
17
Calculate the remainder when 1101 is divided by 58.
57
Calculate the remainder when 9126 is divided by 51.
48
Calculate the remainder when 174 is divided by 28.
6
Calculate the remainder when 1397 is divided by 56.
53
What is the remainder when 111 is divided by 97?
14
What is the remainder when 2406 is divided by 344?
342
What is the remainder when 3382 is divided by 282?
280
What is the remainder when 624 is divided by 25?
24
Calculate the remainder when 535 is divided by 364.
171
Calculate the remainder when 787 is divided by 24.
19
Calculate the remainder when 115 is divided by 53.
9
Calculate the remainder when 188 is divided by 20.
8
Calculate the remainder when 41 is divided by 11.
8
Calculate the remainder when 231 is divided by 13.
10
Calculate the remainder when 1019 is divided by 5.
4
What is the remainder when 291 is divided by 99?
93
Calculate the remainder when 538 is divided by 61.
50
What is the remainder when 134 is divided by 18?
8
What is the remainder when 19175 is divided by 151?
149
What is the remainder when 1203 is divided by 195?
33
Calculate the remainder when 3163 is divided by 452.
451
Calculate the remainder when 359 is divided by 19.
17
Calculate the remainder when 171 is divided by 58.
55
Calculate the remainder when 286 is divided by 37.
27
Calculate the remainder when 17520 is divided by 26.
22
What is the remainder when 228 is divided by 59?
51
What is the remainder when 67 is divided by 20?
7
Calculate the remainder when 185 is divided by 31.
30
Calculate the remainder when 37 is divided by 17.
3
Calculate the remainder when 92 is divided by 8.
4
Calculate the remainder when 27261 is divided by 35.
31
What is the remainder when 4520 is divided by 33?
32
Calculate the remainder when 111 is divided by 70.
41
Calculate the remainder when 307 is divided by 31.
28
What is the remainder when 56 is divided by 16?
8
Calculate the remainder when 171 is divided by 36.
27
Calculate the remainder when 231 is divided by 69.
24
What is the remainder when 1490 is divided by 169?
138
What is the remainder when 356 is divided by 52?
44
What is the remainder when 4557 is divided by 114?
111
Calculate the remainder when 485 is divided by 93.
20
What is the remainder when 24 is divided by 11?
2
Calculate the remainder when 104 is divided by 37.
30
Calculate the remainder when 440 is divided by 56.
48
Calculate the remainder when 175 is divided by 50.
25
Calculate the remainder when 862 is divided by 5.
2
Calculate the remainder when 158 is divided by 64.
30
Calculate the remainder when 229 is divided by 37.
7
Calculate the remainder when 966 is divided by 931.
35
What is the remainder when 181 is divided by 58?
7
Calculate the remainder when 202 is divided by 34.
32
Calculate the remainder when 31 is divided by 18.
13
Calculate the remainder when 375 is divided by 97.
84
Calculate the remainder when 13624 is divided by 18.
16
What is the remainder when 353 is divided by 6?
5
Calculate the remainder when 17 is divided by 10.
7
Calculate the remainder when 337 is divided by 263.
74
Calculate the remainder when 36 is divided by 8.
4
What is the remainder when 290 is divided by 277?
13
Calculate the remainder when 854 is divided by 39.
35
What is the remainder when 31 is divided by 18?
13
Calculate the remainder when 467 is divided by 13.
12
What is the remainder when 542 is divided by 16?
14
What is the remainder when 566 is divided by 94?
2
What is the remainder when 74 is divided by 18?
2
What is the remainder when 3069 is divided by 15?
9
Calculate the remainder when 394 is divided by 40.
34
What is the remainder when 928 is divided by 49?
46
Calculate the remainder when 49 is divided by 10.
9
Calculate the remainder when 641 is divided by 283.
75
Calculate the remainder when 227 is divided by 54.
11
Calculate the remainder when 49 is divided by 12.
1
Calculate the remainder when 124 is divided by 42.
40
What is the remainder when 1437 is divided by 32?
29
What is the remainder when 1058 is divided by 269?
251
Calculate the remainder when 3586 is divided by 92.
90
What is the remainder when 193 is divided by 50?
43
Calculate the remainder when 1468 is divided by 39.
25
What is the remainder when 241 is divided by 16?
1
Calculate the remainder when 413 is divided by 89.
57
Calculate the remainder when 2957 is divided by 196.
17
Calculate the remainder when 267 is divided by 6.
3
Calculate the remainder when 349 is divided by 16.
13
Calculate the remainder when 1692 is divided by 106.
102
What is the remainder when 1256 is divided by 70?
66
Calculate the remainder when 50 is divided by 27.
23
Calculate the remainder when 1515 is divided by 16.
11
What is the remainder when 5760 is divided by 134?
132
What is the remainder when 4551 is divided by 18?
15
Calculate the remainder when 832 is divided by 102.
16
What is the remainder when 166 is divided by 85?
81
What is the remainder when 6610 is divided by 114?
112
Calculate the remainder when 463 is divided by 17.
4
What is the remainder when 765 is divided by 13?
11
What is the remainder when 62 is divided by 49?
13
Calculate the remainder when 461 is divided by 33.
32
What is the remainder when 3057 is divided by 153?
150
What is the remainder when 400 is divided by 67?
65
Calculate the remainder when 1830 is divided by 47.
44
What is the remainder when 349 is divided by 48?
13
What is the remainder when 12914 is divided by 6451?
12
What is the remainder when 2753 is divided by 456?
17
What is the remainder when 275 is divided by 74?
53
Calculate the remainder when 919 is divided by 115.
114
What is the remainder when 180 is divided by 84?
12
What is the remainder when 2793 is divided by 282?
255
What is the remainder when 185 is divided by 178?
7
Calculate the remainder when 88 is divided by 15.
13
What is the remainder when 180 is divided by 67?
46
Calculate the remainder when 2579 is divided by 29.
27
Calculate the remainder when 48 is divided by 40.
8
Calculate the remainder when 809 is divided by 54.
53
Calculate the remainder when 349 is divided by 111.
16
What is the remainder when 493 is divided by 62?
59
What is the remainder when 70 is divided by 41?
29
Calculate the remainder when 248 is divided by 110.
28
Calculate the remainder when 190 is divided by 16.
14
Calculate the remainder when 1546 is divided by 25.
21
What is the remainder when 588 is divided by 191?
15
Calculate the remainder when 211 is divided by 27.
22
Calculate the remainder when 678 is divided by 11.
7
Calculate the remainder when 553 is divided by 275.
3
What is the remainder when 472 is divided by 270?
202
What is the remainder when 811 is divided by 89?
10
Calculate the remainder when 769 is divided by 231.
76
What is the remainder when 57 is divided by 56?
1
Calculate the remainder when 1447 is divided by 477.
16
Calculate the remainder when 510 is divided by 103.
98
Wh